2 + -1?
122021101010001
In base 10, what is -584 - -1914?
1330
In base 7, what is -4 + 205462?
205455
In base 15, what is d8ae + 0?
d8ae
In base 11, what is -13 - -796?
783
In base 12, what is 191b90 + a?
191b9a
In base 14, what is -9 + 3c00?
3bd5
In base 8, what is 130 - -3725?
4055
In base 2, what is 101 + 1000111011101010?
1000111011101111
In base 13, what is 7 - -2c63?
2c6a
In base 7, what is -4 + -341222?
-341226
In base 11, what is 1254 - 516?
839
In base 9, what is 158072 - -6?
158078
In base 9, what is -1223541 + 4?
-1223536
In base 6, what is 1555 + -2512?
-513
In base 5, what is 131 - 420101?
-414420
In base 16, what is 44 - 3864?
-3820
In base 14, what is 34082 + -7?
34079
In base 8, what is 1001 - -3?
1004
In base 5, what is 2101020 - 10?
2101010
In base 10, what is -268 + 45?
-223
In base 13, what is 55082 + -1?
55081
In base 7, what is -311 - 40046?
-40360
In base 7, what is -20430 - -56?
-20341
In base 8, what is 21 - -47274?
47315
In base 10, what is 9 - 102749?
-102740
In base 6, what is 1 + -504103?
-504102
In base 11, what is -3459 + 38?
-3421
In base 8, what is -1 + -610146?
-610147
In base 3, what is -12 - -12202210021?
12202210002
In base 4, what is 3 - -213203?
213212
In base 8, what is 3 - -6132234?
6132237
In base 16, what is eab + 13?
ebe
In base 5, what is 13 - 102333?
-102320
In base 10, what is 25261 + -9?
25252
In base 13, what is 0 - -23227?
23227
In base 7, what is -114163 + 6?
-114154
In base 11, what is 1 - -4577?
4578
In base 3, what is 101 + -100101220101?
-100101220000
In base 6, what is 5134 - 3313?
1421
In base 14, what is 2 + 3059c?
305a0
In base 14, what is -c3a - 3c?
-c78
In base 3, what is -2 + 1202020022?
1202020020
In base 12, what is -2 + 25b28?
25b26
In base 11, what is 2 + -5191a9?
-5191a7
In base 10, what is -237995 - 5?
-238000
In base 10, what is 11488 - -20?
11508
In base 14, what is 663d3 - 0?
663d3
In base 16, what is 11 - -a04?
a15
In base 6, what is -523142 - 5?
-523151
In base 8, what is -2 + 242313?
242311
In base 3, what is -1010111002 - 12?
-1010111021
In base 4, what is -110 + 121322?
121212
In base 11, what is 74855 + 4?
74859
In base 5, what is 4 + -431241?
-431232
In base 12, what is 3888 - -56?
3922
In base 2, what is -1110110 + 100110111000?
100101000010
In base 9, what is -423 + 15?
-407
In base 16, what is -5 + 2314?
230f
In base 7, what is -2234 - -33?
-2201
In base 16, what is -7cf6 - -3?
-7cf3
In base 14, what is -458 + 13?
-445
In base 7, what is 463354 - 0?
463354
In base 15, what is 1 - 5026?
-5025
In base 8, what is -56 - -27707?
27631
In base 6, what is -223 + 1025?
402
In base 16, what is 9055 + 4?
9059
In base 3, what is -110210112012 - 2?
-110210112021
In base 14, what is -5 - -326ad?
326a8
In base 6, what is 40104152 + -5?
40104143
In base 7, what is 201 - 3103?
-2602
In base 12, what is -1 - 20675?
-20676
In base 16, what is 11 - -1ab4?
1ac5
In base 15, what is -2d - -e51?
e23
In base 9, what is 306 - -253?
560
In base 7, what is -36450 + -10?
-36460
In base 7, what is -464 + -3?
-500
In base 3, what is -10200021011 - -1010?
-10200020001
In base 4, what is 2320313 - -133?
2321112
In base 12, what is 3 - b07a?
-b077
In base 5, what is -32 - -31141?
31104
In base 8, what is 474 + 31372?
32066
In base 5, what is 111414022 + 3?
111414030
In base 15, what is -4b63e2 + -3?
-4b63e5
In base 3, what is 220221 - 1?
220220
In base 10, what is -8 - -96932?
96924
In base 8, what is -1165140 - -4?
-1165134
In base 10, what is 3 + 15941?
15944
In base 5, what is 3412 - -10431?
14343
In base 10, what is -1 - 65098?
-65099
In base 3, what is 2222011012 + -11?
2222011001
In base 15, what is -c5 - 548?
-61d
In base 10, what is 263 + 19?
282
In base 2, what is -1000011000 - -10011000110?
1010101110
In base 3, what is -100210001010 + 12?
-100210000221
In base 6, what is -1 + 3545335?
3545334
In base 4, what is -3 - 333133?
-333202
In base 7, what is -3635 + -1566?
-5534
In base 15, what is -28 - -34?
b
In base 6, what is -12 - 3230342?
-3230354
In base 5, what is 12004 - 4042?
2412
In base 7, what is -3350 - -210?
-3140
In base 12, what is -5577 - 35?
-55b0
In base 9, what is 3 - 12788?
-12785
In base 9, what is 5542302 - -4?
5542306
In base 7, what is -10 - -26613?
26603
In base 8, what is -13 + 55521?
55506
In base 16, what is 46 - 20f?
-1c9
In base 6, what is -12 - -23134?
23122
In base 8, what is 0 - -36367?
36367
In base 5, what is 234141 + -10?
234131
In base 12, what is -9 - -25244?
25237
In base 16, what is -7b20 + 3?
-7b1d
In base 11, what is -186 + -3?
-189
In base 13, what is -23c + -495?
-704
In base 12, what is -69 + 10b6?
1049
In base 2, what is -11010000110101010 - 100?
-11010000110101110
In base 14, what is -13b77 + -11?
-13b88
In base 6, what is -2550231 + -3?
-2550234
In base 8, what is 353 - -51?
424
In base 16, what is -5a0 - 1?
-5a1
In base 13, what is -2 - 1046a?
-1046c
In base 5, what is 11240 + 4232?
21022
In base 3, what is 2000 + -111102022?
-111100022
In base 15, what is -2d009 + -11?
-2d01a
In base 8, what is 203 - 311?
-106
In base 3, what is 11120 - -202?
12022
In base 15, what is -37 - -30358?
30321
In base 2, what is 0 + 1010110001101?
1010110001101
In base 14, what is 5 - 1a8?
-1a3
In base 2, what is -10 - -101100011101001111?
101100011101001101
In base 13, what is 3ca1 + 7?
3ca8
In base 6, what is 3 + -231541?
-231534
In base 11, what is -19993 - 0?
-19993
In base 4, what is -11 + 13033333?
13033322
In base 2, what is 101 + -10111011010?
-10111010101
In base 6, what is -4 + -1442225?
-1442233
In base 10, what is -45 - -5979?
5934
In base 13, what is -3 - -29345?
29342
In base 3, what is 1 + -11220112012?
-11220112011
In base 9, what is 2 - -126460?
126462
In base 11, what is -1525 + 160?
-1375
In base 15, what is -3 - -3ac76?
3ac73
In base 16, what is -5773 + 5c?
-5717
In base 16, what is 9 + -25?
-1c
In base 15, what is 26 + -5e?
-38
In base 16, what is -b620 + 9?
-b617
In base 5, what is -133130 - 20?
-133200
In base 4, what is -300312 - 231?
-301203
In base 10, what is 301693 + -16?
301677
In base 15, what is 5bdb + 0?
5bdb
In base 5, what is -2420313 + 1?
-2420312
In base 7, what is -4 + 2034265?
2034261
In base 11, what is 5 - -918a0?
918a5
In base 9, what is 270415 - -1?
270416
In base 8, what is -4 - 221414?
-221420
In base 15, what is -a63 - 5c?
-ac0
In base 9, what is 21552 + 3?
21555
In base 6, what is -4 + -11311155?
-11311203
In base 4, what is -1231220 - 3020?
-1300300
In base 5, what is -10 - -30221303?
30221243
In base 14, what is -1 + -1a4a43?
-1a4a44
In base 5, what is -1032132 + 0?
-1032132
In base 7, what is 12 + 22444?
22456
In base 8, what is -37 + 2522?
2463
In base 13, what is 148 + 52?
19a
In base 11, what is -5 + -1009788?
-1009792
In base 11, what is -3 - -390772?
39076a
In base 14, what is 1 + 452c?
452d
In base 6, what is -5 + 452033?
452024
In base 2, what is 11000001 + -11011000110?
-11000000101
In base 4, what is 122301 + 2?
122303
In base 2, what is 10101110110111001100 - -101?
10101110110111010001
In base 7, what is -54 - 616?
-1003
In base 6, what is -141211 - 5?
-141220
In base 11, what is 81 + -37?
45
In base 16, what is 6aa - -3df?
a89
In base 8, what is 2257270 + -5?
2257263
In base 4, what is 13322122310 + -10?
13322122300
In base 9, what is -10 + -43058?
-43068
In base 3, what is 11 + -120001201021?
-120001201010
In base 12, what is 0 + 8aa78?
8aa78
In base 7, what is 333 + -652?
-316
In base 10, what is -27788 + -15?
-27803
In base 5, what is -3014 - 4210?
-12224
In base 10, what is 3 + -333?
-330
In base 3, what is -1020 - 11100?
-12120
In base 11, what is 2 - 56945?
-56943
In base 14, what is -56 + 9c?
46
In base 16, what is -4 + 18a7?
18a3
In base 13, what is 1b1145 + 0?
1b1145
In base 7, what is -63 + -5310?
-5403
In base 12, what is -41 - -2257?
2216
In base 7, what is 0 + 4464546?
4464546
In base 4, what is -221232111 - -3?
-221232102
In base 15, what is -2a6 - 14?
-2ba
In base 10, what is -61797 - 8?
-61805
In base 5, what is 1 - 1313331?
-1313330
In base 14, what is -18564 + 2?
-18562
In base 12, what is -859b - -6?
-8595
In base 4, what is -100 - 1131131?
-1131231
In base 13, what is 3cb57 - -5?
3cb5c
In base 12, what is 135ba + -48?
13572
In base 5, what is 3 - -2210303?
2210311
In base 14, what 